e 0 = -3*v + 28 + 707. What is the greatest common factor of v and 784?
49
Let s be (12/3)/1*7/7. Let l be (6/3 + s)*(-2)/(-2). Calculate the greatest common factor of l and 12.
6
Let y(p) = 3*p**2 - 29*p + 20. Let s be y(10). Calculate the greatest common factor of 80 and s.
10
Let j(k) = -21*k**3 - 3*k**2. Let a be j(-2). Suppose a = 2*l + 36. Suppose -l = n - 6*n. What is the greatest common factor of n and 108?
12
Let s be (58 - 4) + (0/(-2) - 2). Let x = -36 + s. Calculate the greatest common factor of x and 2.
2
Suppose 0*k + 3*k - 18 = 0. Suppose -2*s - 7 = -c - 1, 3*s = -4*c + 2. What is the greatest common divisor of k and c?
2
Let p = 131 + -122. Suppose -m + p = 3*m - 3*n, -2*n + 17 = 5*m. Let q = 2 - -4. What is the highest common factor of m and q?
3
Suppose -11*w - 1660 + 4806 = 0. What is the highest common factor of 52 and w?
26
Let h(x) = 30*x**3 + 3*x**2 - 2*x + 2. Let z be h(2). Suppose -w = 5, 5*y - 3*w = -2*w + z. Calculate the greatest common divisor of 7 and y.
7
Let z(r) = -8*r. Let p be z(-3). Suppose p*a = 23*a + 14. Calculate the highest common divisor of a and 21.
7
Suppose 280 = 28*f - 21*f. What is the greatest common divisor of 16 and f?
8
Let g(q) = q**3 - 16*q**2 + 30*q - 4. Let h be g(14). Suppose 23*a + 792 = 26*a. What is the greatest common factor of a and h?
24
Let g(d) = -d**3 + 11*d**2 - d + 16. Let j be g(11). What is the highest common factor of 19 and j?
1
Suppose -4*o + 8*m + 1736 = 3*m, -5*m = 0. What is the greatest common divisor of 28 and o?
14
Let z be (-8)/(-28) + (-18)/14. Let p be (-4)/(-2) + (-7)/z. Suppose -5*s + 1 + p = 0. Calculate the greatest common factor of 2 and s.
2
Suppose 2*b - 25 = 3*y - 88, -4*y = b - 73. Calculate the highest common divisor of 38 and y.
19
Let u(y) = 2*y - 12. Let a be u(-26). Let f = a + 90. Calculate the greatest common divisor of f and 208.
26
Suppose 13*a = 2*a - 1232. Let v = a - -121. Calculate the highest common divisor of v and 288.
9
Suppose 415 = -6*l + 865. What is the greatest common factor of 105 and l?
15
Let v be 36/198 + (-2808)/(-44). What is the highest common factor of v and 1216?
64
Let q = 1 + 49. What is the greatest common factor of q and 125?
25
Let v be (-14)/(-10) - (-969)/15. Let b(s) = 353*s**2. Let o be b(-1). Suppose 5*k - 472 = o. What is the highest common divisor of k and v?
33
Suppose 607*v = 611*v - 96. What is the greatest common divisor of 18 and v?
6
Let f(p) = 2*p**2 - 5*p + 6. Let b be f(4). Let y be 10/3*b/3. Let q = -4 - -12. Calculate the highest common divisor of q and y.
4
Let g(l) = -9*l. Let c be g(-2). Let t be c/(-30) - (-56)/10. Calculate the greatest common factor of t and 35.
5
Suppose 4*p - 270 = p. Let n = p + -30. Let r be 120/21 - 10/(-35). What is the greatest common divisor of n and r?
6
Suppose 4*s = 19 - 7. Suppose -4*n - 5 - 11 = 0, u + s*n = 8. What is the highest common divisor of 100 and u?
20
Let x = 164 + -116. Let y = -97 + 133. Calculate the greatest common divisor of x and y.
12
Let n be 3 - -2*(-2)/4. Suppose -4*o + 12 = t - 1, -33 = -4*o - 5*t. Suppose 5*y - o*u = 10, 0 = -7*u + 6*u. What is the highest common factor of y and n?
2
Let o = -146 + 211. What is the highest common factor of 15 and o?
5
Let l = 2 - -1. Suppose 0 = l*d - 0*d - 759. Suppose -16*x - 3*k + 103 = -11*x, 2*k = x - 31. What is the greatest common divisor of d and x?
23
Let g be 2*(12/(-4) + 5). Suppose g*p + 4*y = -204, -p + 0*p = -4*y + 56. Let l = p + 85. What is the highest common factor of 99 and l?
33
Let p(m) = 2*m + 0*m + 45 - 2. Let n be p(-11). Calculate the highest common factor of 84 and n.
21
Let l be 24/(-96) - 86/16*-86. What is the greatest common factor of 63 and l?
21
Let c = -253 - -1210. What is the greatest common factor of c and 87?
87
Let f(q) = -q**3 - 17*q**2 + 56*q - 32. Let h be f(-20). What is the greatest common divisor of 304 and h?
16
Let i be (-4 - 1)*(-32)/8. Calculate the greatest common factor of 60 and i.
20
Let c be (-45)/(-10)*2*(-61)/3. Let s(l) = 10*l**2 + 2*l + 3. Let w be s(6). Let f = w + c. What is the greatest common divisor of f and 24?
24
Let g(k) = 6*k**2 - 2*k + 2. Let l be g(4). Let y(w) = 3*w + 1. Let a be y(3). What is the highest common factor of l and a?
10
Let u(j) = j**2 - j - 6. Let r(k) = -k**3 - 4*k**2 + 5*k + 9. Let d be r(-5). Let a = d + -4. Let c be u(a). Calculate the highest common factor of c and 21.
7
Let k be (-1)/(-4) - ((-5030)/40 - 6). Let z = 16 - 4. What is the highest common divisor of z and k?
12
Let a(n) = 2*n + 405. Let u(r) = -r**3 - 5*r**2 - r - 5. Let y be u(-5). Let d be a(y). Suppose -2*q + d = 97. What is the highest common factor of 14 and q?
14
Let m be (669/3)/(-1 - -2). Let w = 327 - m. Calculate the highest common factor of 13 and w.
13
Let j(t) = -2*t - 9. Let k be j(-5). Let n be 0 + (48/1)/4 + k. Calculate the highest common factor of 117 and n.
13
Suppose 39 = 9*t - 24. Suppose -3*c + 276 = 2*c + b, 0 = 5*c - 2*b - 288. Calculate the highest common divisor of c and t.
7
Let o(y) = y**3 - 48*y**2 + 55*y - 25. Let i be o(47). What is the greatest common divisor of 13 and i?
13
Let j = -26 + 59. Let r(b) = 3*b + 77. Let o be r(-11). Calculate the highest common factor of o and j.
11
Let m(j) be the third derivative of j**5/60 - j**4/24 + 4*j**3/3 - 12*j**2. Let f be m(0). Calculate the highest common divisor of 64 and f.
8
Let s = -135 + 165. Calculate the greatest common factor of 30 and s.
30
Suppose 0 = 4*g - 213 + 45. Suppose 6 - 24 = -3*m. What is the highest common factor of g and m?
6
Let s(q) be the third derivative of -q**6/120 + 3*q**5/20 - 11*q**4/24 - 7*q**3/3 - 38*q**2. Let c be s(6). What is the highest common divisor of 28 and c?
28
Let f be -3*4/(-12)*10. Let n be ((-3120)/(-50))/(3/f). Calculate the highest common factor of 26 and n.
26
Suppose -8*k + 5*k = 9. Let x be (-7)/k*(-5 + 11 + 6). What is the greatest common divisor of 4 and x?
4
Let g be ((-3)/2)/(-4 + (-8685)/(-2170)). Let n = g + 921. Calculate the greatest common factor of 45 and n.
45
Let g(o) = 2*o**2 + 4*o + 5. Let c be g(8). Suppose -2*t + 89 = -5*l, -2*l + 5*l = -4*t + c. Calculate the greatest common factor of 70 and t.
14
Suppose -i = -436 + 282. Let m = 3 + 11. Let r be m/5*(-2 + 7). Calculate the greatest common factor of i and r.
14
Let d = 745 + -393. Calculate the highest common divisor of 16 and d.
16
Let f = 744 - 720. Calculate the greatest common factor of f and 21.
3
Let y(b) = -7*b - 169. Let f be y(-25). Suppose 4*u = 3*d - 10, d + 0*u = -2*u + 10. What is the greatest common factor of d and f?
6
Suppose -4*r + 26 + 6 = 0. Let p(t) = 3*t + 16. Let f be p(r). What is the greatest common divisor of f and 16?
8
Suppose -5*d + 65 + 35 = 0. Suppose -55 = -5*z - d. Let o be -3 + (-1)/3*-51. What is the greatest common divisor of z and o?
7
Let c(k) = -k**2 + 10*k - 2. Let p = -16 + 23. Let w be c(p). Suppose -4 = q - w. Calculate the greatest common factor of 3 and q.
3
Suppose 34 = 11*k - 32. Calculate the highest common factor of k and 54.
6
Let t = -1 - -5. Suppose 4*q = -t*h + 284, q - 61 = -0*q + h. Calculate the greatest common factor of q and 22.
22
Let w(r) = 30*r**2 - 6*r - 7. Let q be w(5). Calculate the greatest common factor of 31 and q.
31
Let t = 10952 + -10895. Suppose -y = -2*y + 38. Calculate the greatest common factor of t and y.
19
Let f(s) = 5*s**2 + 11. Suppose 3*u - 7*u + z = -3, -2*u + 4 = 2*z. Suppose -21 = -4*r - u. Let p be f(r). What is the greatest common divisor of p and 17?
17
Let w be -12*(6/9 + 0 + 0). Let p be -3 + ((-18)/(-7))/(w/(-336)). Let s(j) = 4*j + 3. Let n be s(3). Calculate the highest common divisor of n and p.
15
Let p = 7 + -16. Let b(w) = -w**3 - 9*w**2 - 2*w - 3. Let j be b(p). Let y = -131 - -266. Calculate the highest common divisor of y and j.
15
Let x = -27 + 48. Suppose -2*v = -5*k + 7, -2*k + 2 = -0*k. Let n be (-14)/x*(v + -14). What is the greatest common divisor of n and 5?
5
Let r be ((-144)/180)/((-2)/30*2). Let c be -2 + r - (1 - 0). What is the greatest common factor of c and 1?
1
Let p(q) = q + 1. Let i(h) = 2*h + 16. Let a(m) = i(m) - p(m). Let k be a(8). Suppose z - 2*z + 46 = 0. What is the greatest common factor of k and z?
23
Suppose -a = 3*a - 44. Suppose -3*y + 12 = -